{"id":149,"date":"2020-04-09T07:20:06","date_gmt":"2020-04-09T07:20:06","guid":{"rendered":"http:\/\/dr-fotodesign.de\/?page_id=149"},"modified":"2020-04-23T09:21:35","modified_gmt":"2020-04-23T09:21:35","slug":"ueber-mich","status":"publish","type":"page","link":"https:\/\/dr-fotodesign.de\/?page_id=149","title":{"rendered":"\u00dcber mich"},"content":{"rendered":"    <!--[section]-->\n\t\t<style>\n.bd-section-136646555{\n\tline-height:  28.57142858px;\n\tfont-size:  20px;\n}\n\n@media (max-width: 991px) {.bd-section-136646555{\n\tline-height:  22.85714286px;\n\tfont-size:  16px;\n}\n}\n@media (max-width: 767px) {.bd-section-136646555{\n\tline-height:  17.14285715px;\n\tfont-size:  12px;\n}\n}<\/style>\t\t<section id=section4 class=\" bd-section-136646555  bd-tagstyles\" data-section-title=\"One \u0421olumn\">\n\t\t\t<div class=\"bd-container-inner bd-margins clearfix\">\n\t\t\t\t<!--{content}-->\n\t\t\t\t\t    <!--[columns]-->\n        <style>\n.bd-layoutcontainer-1338810763  > .bd-container-inner > .container-fluid:after{display:none;}<\/style><style>\n.bd-layoutcontainer-1338810763 > .bd-container-inner > .container-fluid, .bd-layoutcontainer-1338810763 > .bd-container-inner > .container-fluid > .row{height:100%;}<\/style><style>.bd-layoutcontainer-1338810763 > .bd-container-inner > .container-fluid {padding-left: 0; padding-right: 0;}<\/style>        <style>\n.bd-layoutcolumn-95559842{\n\ttext-align:  justify;\n}\n<\/style>        <div class=\" bd-layoutcontainer-1338810763  bd-columns bd-no-margins\">\n            <div class=\"bd-container-inner\">\n                <div class=\"container-fluid\">\n                    <div class=\"row bd-row-flex bd-row-align-middle\">\n                        <!--{content}-->\n                                <!--[column]-->\n        <div class=\"col-xs-12 bd-columnwrapper-95559842\">\n            <div class=\"bd-column  bd-layoutcolumn-95559842 \">\n                <div class=\"bd-vertical-align-wrapper\">\n                    <!--{content}-->\n                        <!--[html]--><style>\n.additional-class-705092432{height:525px;}\n@media (max-width: 1199px) {.additional-class-705092432{height:569px;}}\n@media (max-width: 767px) {.additional-class-705092432{height:574px;}}<\/style><style><\/style><div class=\"bd-tagstyles  additional-class-705092432 \"><div class=\"bd-container-inner bd-content-element\"><!--{content}--><b>&nbsp;<\/b><div><b><span style=\"box-sizing: inherit;\"><br><\/span><\/b><\/div><div><b><span style=\"box-sizing: inherit;\">,<\/span>,Ohne Fotografie ist der Moment f\u00fcr immer verloren, so als ob es ihn nie gegeben h\u00e4tte\u201c&nbsp;<\/b><div><br><\/div><div><span style=\"font-weight: 600; box-sizing: inherit;\">Selbstverst\u00e4ndnis als Portr\u00e4t Fotograf<\/span>&nbsp;<\/div><div><br><\/div><div><b>In erster Linie verstehe ich mich als Menschenfotograf, dies in weitestem Sinne. Ich versuche Gef\u00fchle und Empfindungen sichtbar zu machen, sowohl in Aufnahmen von Menschen wie auch in den Bildern, auf denen Menschen gar nicht oder nur am Rande zu sehen sind, die jedoch tief mit ihnen verbunden sind. Bilder entstehen nur durch die Zusammenarbeit zweier Menschen, dem Fotograf und dem der abgebildet wird. Wichtig f\u00fcr mich ist, dass Ihr Eure Ideen mit einbringt. Es sind die strahlenden Gesichter, die uns letztendlich zeigen, dass unsere Arbeit genau das ist, was wir zusammen machen wollen. Seit langer Zeit \"knipse\" ich flei\u00dfig f\u00fcr Klein und Gro\u00df, Promi und Normalo, Hippster und Nerd, Oma und Enkel. Ich w\u00fcrde mich freuen, wenn auch Ihr bald vor meiner Linse erscheint. Eure Erinnerungen sind meine Motivation! Wenn Ihr also auf der Suche nach tollen Fotos, egal f\u00fcr welchen Anlass seid, bin ich gespannt auf Eure Kontaktaufnahme. In einer lockeren Atmosph\u00e4re erf\u00fclle ich Eure Foto-W\u00fcnsche und freue mich schon sehr auf unser Treffen.&nbsp;&nbsp;<\/b>\n\n&nbsp;&nbsp;\n<div><b>&nbsp;<\/b><\/div>\n<div><b>Dirk R\u00fcter<\/b>&nbsp;&nbsp;&nbsp;&nbsp;\n\n<b>&nbsp;<\/b>\n\n<b>&nbsp;<\/b>\n\n<\/div><\/div><\/div><!--{\/content}--><\/div><\/div><!--[\/html]-->                    <!--{\/content}-->\n                <\/div>\n            <\/div>\n        <\/div>\n    <!--[\/column]-->\n                        <!--{\/content}-->\n                    <\/div>\n                <\/div>\n            <\/div>\n        <\/div>\n    <!--[\/columns]-->\n\t\t\t\t<!--{\/content}-->\n\t\t\t<\/div>\n\t\t<\/section>\n\t<!--[\/section]-->\n\n","protected":false},"excerpt":{"rendered":"","protected":false},"author":2,"featured_media":0,"parent":0,"menu_order":0,"comment_status":"closed","ping_status":"closed","template":"","meta":{"_crdt_document":"","_themeisle_gutenberg_block_has_review":false,"footnotes":""},"class_list":["post-149","page","type-page","status-publish","hentry"],"_links":{"self":[{"href":"https:\/\/dr-fotodesign.de\/index.php?rest_route=\/wp\/v2\/pages\/149","targetHints":{"allow":["GET"]}}],"collection":[{"href":"https:\/\/dr-fotodesign.de\/index.php?rest_route=\/wp\/v2\/pages"}],"about":[{"href":"https:\/\/dr-fotodesign.de\/index.php?rest_route=\/wp\/v2\/types\/page"}],"author":[{"embeddable":true,"href":"https:\/\/dr-fotodesign.de\/index.php?rest_route=\/wp\/v2\/users\/2"}],"replies":[{"embeddable":true,"href":"https:\/\/dr-fotodesign.de\/index.php?rest_route=%2Fwp%2Fv2%2Fcomments&post=149"}],"version-history":[{"count":20,"href":"https:\/\/dr-fotodesign.de\/index.php?rest_route=\/wp\/v2\/pages\/149\/revisions"}],"predecessor-version":[{"id":321,"href":"https:\/\/dr-fotodesign.de\/index.php?rest_route=\/wp\/v2\/pages\/149\/revisions\/321"}],"wp:attachment":[{"href":"https:\/\/dr-fotodesign.de\/index.php?rest_route=%2Fwp%2Fv2%2Fmedia&parent=149"}],"curies":[{"name":"wp","href":"https:\/\/api.w.org\/{rel}","templated":true}]}}

Über mich

<!--[section]-->
		<style>
.bd-section-136646555{
	line-height:  28.57142858px;
	font-size:  20px;
}

@media (max-width: 991px) {.bd-section-136646555{
	line-height:  22.85714286px;
	font-size:  16px;
}
}
@media (max-width: 767px) {.bd-section-136646555{
	line-height:  17.14285715px;
	font-size:  12px;
}
}</style>		<section id=section4 class=" bd-section-136646555  bd-tagstyles" data-section-title="One Сolumn">
			<div class="bd-container-inner bd-margins clearfix">
				<!--{content}-->
					    <!--[columns]-->
        <style>
.bd-layoutcontainer-1338810763  > .bd-container-inner > .container-fluid:after{display:none;}</style><style>
.bd-layoutcontainer-1338810763 > .bd-container-inner > .container-fluid, .bd-layoutcontainer-1338810763 > .bd-container-inner > .container-fluid > .row{height:100%;}</style><style>.bd-layoutcontainer-1338810763 > .bd-container-inner > .container-fluid {padding-left: 0; padding-right: 0;}</style>        <style>
.bd-layoutcolumn-95559842{
	text-align:  justify;
}
</style>        <div class=" bd-layoutcontainer-1338810763  bd-columns bd-no-margins">
            <div class="bd-container-inner">
                <div class="container-fluid">
                    <div class="row bd-row-flex bd-row-align-middle">
                        <!--{content}-->
                                <!--[column]-->
        <div class="col-xs-12 bd-columnwrapper-95559842">
            <div class="bd-column  bd-layoutcolumn-95559842 ">
                <div class="bd-vertical-align-wrapper">
                    <!--{content}-->
                        <!--[html]--><style>
.additional-class-705092432{height:525px;}
@media (max-width: 1199px) {.additional-class-705092432{height:569px;}}
@media (max-width: 767px) {.additional-class-705092432{height:574px;}}</style><style></style><div class="bd-tagstyles  additional-class-705092432 "><div class="bd-container-inner bd-content-element"><!--{content}--><b>&nbsp;</b><div><b><span style="box-sizing: inherit;"><br></span></b></div><div><b><span style="box-sizing: inherit;">,</span>,Ohne Fotografie ist der Moment für immer verloren, so als ob es ihn nie gegeben hätte“&nbsp;</b><div><br></div><div><span style="font-weight: 600; box-sizing: inherit;">Selbstverständnis als Porträt Fotograf</span>&nbsp;</div><div><br></div><div><b>In erster Linie verstehe ich mich als Menschenfotograf, dies in weitestem Sinne. Ich versuche Gefühle und Empfindungen sichtbar zu machen, sowohl in Aufnahmen von Menschen wie auch in den Bildern, auf denen Menschen gar nicht oder nur am Rande zu sehen sind, die jedoch tief mit ihnen verbunden sind. Bilder entstehen nur durch die Zusammenarbeit zweier Menschen, dem Fotograf und dem der abgebildet wird. Wichtig für mich ist, dass Ihr Eure Ideen mit einbringt. Es sind die strahlenden Gesichter, die uns letztendlich zeigen, dass unsere Arbeit genau das ist, was wir zusammen machen wollen. Seit langer Zeit "knipse" ich fleißig für Klein und Groß, Promi und Normalo, Hippster und Nerd, Oma und Enkel. Ich würde mich freuen, wenn auch Ihr bald vor meiner Linse erscheint. Eure Erinnerungen sind meine Motivation! Wenn Ihr also auf der Suche nach tollen Fotos, egal für welchen Anlass seid, bin ich gespannt auf Eure Kontaktaufnahme. In einer lockeren Atmosphäre erfülle ich Eure Foto-Wünsche und freue mich schon sehr auf unser Treffen.&nbsp;&nbsp;</b>

&nbsp;&nbsp;
<div><b>&nbsp;</b></div>
<div><b>Dirk Rüter</b>&nbsp;&nbsp;&nbsp;&nbsp;

<b>&nbsp;</b>

<b>&nbsp;</b>

</div></div></div><!--{/content}--></div></div><!--[/html]-->                    <!--{/content}-->
                </div>
            </div>
        </div>
    <!--[/column]-->
                        <!--{/content}-->
                    </div>
                </div>
            </div>
        </div>
    <!--[/columns]-->
				<!--{/content}-->
			</div>
		</section>
	<!--[/section]-->
